{"id":1258,"date":"2013-11-26T16:39:58","date_gmt":"2013-11-26T14:39:58","guid":{"rendered":"http:\/\/www.grundschule-heidgarten.de\/public_html\/?page_id=1258"},"modified":"2014-01-19T20:33:26","modified_gmt":"2014-01-19T18:33:26","slug":"schuelerfragebogen","status":"publish","type":"page","link":"https:\/\/www.grundschule-heidgarten.de\/public_html\/?page_id=1258","title":{"rendered":"Sch\u00fclerfragebogen"},"content":{"rendered":"<p>Liebe Sch\u00fcler,<\/p>\n<p>mit der Beantwortung des Sch\u00fclerfragebogens, habt Ihr uns sehr geholfen.<br \/>\nEure Ansichten, W\u00fcnsche und Anregungen werden uns dazu veranlassen, den Schullalltag,<br \/>\ndie Unterrichtsqualit\u00e4t und die Betreuungssituation stetig zu verbessern und weiterzuentwickeln.<br \/>\n<img loading=\"lazy\" decoding=\"async\" class=\"alignnone size-full wp-image-1279\" alt=\"sch\u00fclerfragebogen 1\" src=\"https:\/\/www.grundschule-heidgarten.de\/public_html\/wp-content\/uploads\/sch\u00fclerfragebogen-1.jpg\" width=\"600\" height=\"872\" srcset=\"https:\/\/www.grundschule-heidgarten.de\/public_html\/wp-content\/uploads\/sch\u00fclerfragebogen-1.jpg 600w, https:\/\/www.grundschule-heidgarten.de\/public_html\/wp-content\/uploads\/sch\u00fclerfragebogen-1-206x300.jpg 206w\" sizes=\"auto, (max-width: 600px) 100vw, 600px\" \/><\/p>\n","protected":false},"excerpt":{"rendered":"<p>Liebe Sch\u00fcler, mit der Beantwortung des Sch\u00fclerfragebogens, habt Ihr uns sehr geholfen. Eure Ansichten, W\u00fcnsche und Anregungen werden uns dazu veranlassen, den Schullalltag, die Unterrichtsqualit\u00e4t und die Betreuungssituation stetig zu verbessern und weiterzuentwickeln.<\/p>\n","protected":false},"author":21,"featured_media":0,"parent":31,"menu_order":5,"comment_status":"closed","ping_status":"closed","template":"","meta":{"footnotes":""},"class_list":["post-1258","page","type-page","status-publish","hentry"],"_links":{"self":[{"href":"https:\/\/www.grundschule-heidgarten.de\/public_html\/index.php?rest_route=\/wp\/v2\/pages\/1258","targetHints":{"allow":["GET"]}}],"collection":[{"href":"https:\/\/www.grundschule-heidgarten.de\/public_html\/index.php?rest_route=\/wp\/v2\/pages"}],"about":[{"href":"https:\/\/www.grundschule-heidgarten.de\/public_html\/index.php?rest_route=\/wp\/v2\/types\/page"}],"author":[{"embeddable":true,"href":"https:\/\/www.grundschule-heidgarten.de\/public_html\/index.php?rest_route=\/wp\/v2\/users\/21"}],"replies":[{"embeddable":true,"href":"https:\/\/www.grundschule-heidgarten.de\/public_html\/index.php?rest_route=%2Fwp%2Fv2%2Fcomments&post=1258"}],"version-history":[{"count":4,"href":"https:\/\/www.grundschule-heidgarten.de\/public_html\/index.php?rest_route=\/wp\/v2\/pages\/1258\/revisions"}],"predecessor-version":[{"id":1332,"href":"https:\/\/www.grundschule-heidgarten.de\/public_html\/index.php?rest_route=\/wp\/v2\/pages\/1258\/revisions\/1332"}],"up":[{"embeddable":true,"href":"https:\/\/www.grundschule-heidgarten.de\/public_html\/index.php?rest_route=\/wp\/v2\/pages\/31"}],"wp:attachment":[{"href":"https:\/\/www.grundschule-heidgarten.de\/public_html\/index.php?rest_route=%2Fwp%2Fv2%2Fmedia&parent=1258"}],"curies":[{"name":"wp","href":"https:\/\/api.w.org\/{rel}","templated":true}]}}