{"id":127,"date":"2012-12-17T18:32:29","date_gmt":"2012-12-17T16:32:29","guid":{"rendered":"http:\/\/www.grundschule-heidgarten.de\/public_html\/?page_id=127"},"modified":"2014-10-16T17:17:43","modified_gmt":"2014-10-16T15:17:43","slug":"presse","status":"publish","type":"page","link":"https:\/\/www.grundschule-heidgarten.de\/public_html\/?page_id=127","title":{"rendered":"Presse"},"content":{"rendered":"<p><strong>Ausgew\u00e4hlte Pressemeldungen<br \/>\n<\/strong><\/p>\n<ul style=\"padding-left: 30px;\">\n<li><a href=\"https:\/\/www.grundschule-heidgarten.de\/public_html\/wp-content\/uploads\/judo-II-WAZ-15.10.14.pdf\"><strong><span style=\"text-decoration: underline;\">Judo: VfL-Ikone Glahn trainiert Heidgartensch\u00fcler, WAZ 15.10.2014<\/span><\/strong><\/a><\/li>\n<li><a title=\"WN 1.10.2014\" href=\"https:\/\/www.grundschule-heidgarten.de\/public_html\/wp-content\/uploads\/mosaik-WN-1.10.2014.pdf\"><span style=\"text-decoration: underline;\"><strong>Kinder versch\u00f6nern ihre Schule, WN 1.10.2014<\/strong><\/span><\/a><\/li>\n<li><a href=\"https:\/\/www.grundschule-heidgarten.de\/public_html\/wp-content\/uploads\/schulfest-2014-wn-31.7.14.pdf\"><strong><span style=\"text-decoration: underline;\">Sommerfest mit Feuerwehr und Trommeln, WN 31.7.2014<\/span><\/strong><\/a><\/li>\n<li><a href=\"https:\/\/www.grundschule-heidgarten.de\/public_html\/wp-content\/uploads\/inspektion-wn.pdf\"><span style=\"text-decoration: underline;\"><strong>Heidgarten zeigt sich bei Inspektion als Mustersch\u00fcler<\/strong><\/span><\/a><\/li>\n<li><span style=\"text-decoration: underline;\"><strong><a href=\"https:\/\/www.grundschule-heidgarten.de\/public_html\/wp-content\/uploads\/inspektion-neue-lehrer.pdf\">Neue Lehrer f\u00fcrVorsfelde<\/a><\/strong><\/span><\/li>\n<li><strong><a href=\"https:\/\/www.grundschule-heidgarten.de\/public_html\/wp-content\/uploads\/fr\u00fchjahrsputz.jpg\"><span style=\"text-decoration: underline;\">Fr\u00fchjahrsputz mit 121 Kindern<\/span><\/a><\/strong><\/li>\n<li><span style=\"text-decoration: underline;\"><strong><a href=\"https:\/\/www.grundschule-heidgarten.de\/public_html\/wp-content\/uploads\/tag-der-offenen-T\u00fcr-waz.jpg\">Heidgartenschule zeigt sich vielseitig, viele G\u00e4ste am Tag der offenen T\u00fcr, WAZ 31.3.2014<\/a><\/strong><\/span><\/li>\n<li><span style=\"text-decoration: underline;\"><strong><a href=\"https:\/\/www.grundschule-heidgarten.de\/public_html\/wp-content\/uploads\/handball-2.jpg\">Handballturnier der Wolfsburger Grundschulen, WAZ 21.2.2014<\/a><\/strong><\/span><\/li>\n<li><span style=\"text-decoration: underline;\"><strong><a href=\"https:\/\/www.grundschule-heidgarten.de\/public_html\/wp-content\/uploads\/annette-neubauer-lesung-18.2.14.pdf\">Kinderbuchautorin Annette Neubauer liest aus ihrem neusten Buch, WAZ 18.2.2014<\/a><\/strong><\/span><\/li>\n<li><strong><a href=\"https:\/\/www.grundschule-heidgarten.de\/public_html\/wp-content\/uploads\/Bastelnachmittag-wn-251113.jpg\"><span style=\"text-decoration: underline;\">Familiennachmittag im Advent, WN 25.11.2013<\/span><\/a><\/strong><\/li>\n<li><strong><span style=\"text-decoration: underline;\"><a href=\"https:\/\/www.grundschule-heidgarten.de\/public_html\/wp-content\/uploads\/Bastelnachmittag-waz-251113b.pdf\">Bastelnachmittag &#8211; rund um den Advent, WAZ 25.11.2013<\/a><\/span><\/strong><\/li>\n<li><strong><a href=\"https:\/\/www.grundschule-heidgarten.de\/public_html\/wp-content\/uploads\/handball-jungen-1.11.13.pdf\"><span style=\"text-decoration: underline;\">Ehemalige Handballer des MTV trainieren die Jungen,<\/span> WAZ 2.11.2013<\/a><\/strong><\/li>\n<li><span style=\"text-decoration: underline;\"><a href=\"https:\/\/www.grundschule-heidgarten.de\/public_html\/wp-content\/uploads\/Basketball-waz-17.8.2013.pdf\"><strong>Basketball: Nationalspielerin trainiert Kinder<\/strong><\/a><\/span><br \/>\nAufregende Woche f\u00fcr die Kinder der Vorsfelder Heidgartenschule.<br \/>\nF\u00fcr die M\u00e4dchen der Klassen 2 bis 4 gab es einen hochkar\u00e4tigen Basketball-Workshop. PDF-Download<\/li>\n<li><a href=\"https:\/\/www.grundschule-heidgarten.de\/public_html\/wp-content\/uploads\/Basketball-17.8.2013.pdf\"><span style=\"text-decoration: underline;\"><strong>Tipps und Tricks von den Basketballprofis,\u00a0WN 17.8.2013<\/strong><\/span><\/a><br \/>\nStrahlende Gesichter gab es beim gestrigen Basketballworkshop f\u00fcr M\u00e4dchen in der OGGS Heidgarten. PDF-Download<\/li>\n<li><a href=\"https:\/\/www.grundschule-heidgarten.de\/public_html\/wp-content\/uploads\/schulz-sossinka.jpg\"><b><span style=\"text-decoration: underline;\">Wir sind dabei &#8211; Schule und Zeitung wag 13.6.14<\/span><\/b><\/a><\/li>\n<li><a href=\"https:\/\/www.grundschule-heidgarten.de\/public_html\/wp-content\/uploads\/Sommerfest-2013-waz-21.6.13.pdf\"><span style=\"text-decoration: underline;\"><strong>Sommerfest 2013 waz 21.6.13<\/strong><\/span><\/a><br \/>\nAm 20.6.2013 waren Sch\u00fcler, Geschwister, Eltern, Verwandte und Bekannte zu einem Sommerfest mit Spielen, Sch\u00fclerdarbietungen, und einer Ausstellung der Projektergebnisse zum Thema &#8222;Steinzeit&#8220; eingeladen. PDF- Download<\/li>\n<li>Wir sind dabei &#8211; Schule und Zeitung<\/li>\n<li><span style=\"text-decoration: underline;\"><strong><a href=\"https:\/\/www.grundschule-heidgarten.de\/public_html\/wp-content\/uploads\/waz-8.4.13-Tag-d.-offenen-T\u00fcr.pdf\">Tag der offene T\u00fcr in der Offenen Ganztagsgrundschule Heidgarten-Vorsfelde<\/a><\/strong><\/span><br \/>\nAm 6.4.2012 waren die Schulanf\u00e4nger zum Tag der offenen T\u00fcr in die Schule eingeladen.<br \/>\nF\u00fcr die Begr\u00fc\u00dfung sorgte der Schulchor. Danach konnten Klassen- und Fachr\u00e4ume besichtigt werden. Die Grundschulkinder hatten vielf\u00e4ltige Mitmachaktionen vorbereitet.<br \/>\nWAZ, 21. Dezember 2012 | PDF-Download<\/li>\n<li><span style=\"text-decoration: underline;\"><strong><a href=\"wp-content\/uploads\/WN_21122012.pdf\" target=\"_blank\">Julfest, hei\u00dfer Gl\u00f6gg und Sonnenr\u00e4der<\/a><\/strong><\/span><br \/>\nVorsfelder Abenteuerspielplatz Buntspecht feierte Mittwinter &#8211; Jetzt sind Ferien bis zum 8. Januar<br \/>\nWN, 21. Dezember 2012 | PDF-Download<\/li>\n<li><span style=\"text-decoration: underline;\"><strong><a href=\"wp-content\/uploads\/WAZ_20122012.pdf\" target=\"_blank\">Heidgartenschule: Ausbau und Modernisierung im Gespr\u00e4ch<\/a><\/strong><\/span><br \/>\nVorsfelde: Rodowsky und Kramer-Weber wollen Ganztagsangebot st\u00e4rken<br \/>\nWAZ, 20. Dezember 2012 | PDF-Download<\/li>\n<li><span style=\"text-decoration: underline;\"><strong><a href=\"wp-content\/uploads\/WAZ_11122012.pdf\" target=\"_blank\">Heidgarten: Lehrer leitet Schulchor seit 25 Jahren<\/a><\/strong><\/span><br \/>\nVorsfelde: Dietmar Kandler komponierte eigene Hymne<br \/>\nWAZ, 11. Dezember 2012 | PDF-Download<\/li>\n<li><span style=\"text-decoration: underline;\"><strong><a href=\"wp-content\/uploads\/WAZ_17112012.pdf\" target=\"_blank\">Handball spielen statt Unterricht<\/a><\/strong><\/span><br \/>\nHeidgartenschule: Sport f\u00fcr M\u00e4dchen<br \/>\nWAZ, 17. November 2012 | PDF-Download<\/li>\n<li><span style=\"text-decoration: underline;\"><strong><a href=\"wp-content\/uploads\/WN_17112012.pdf\" target=\"_blank\">Spa\u00df beim Balancieren, Laufen, Werfen<\/a><\/strong><\/span><br \/>\nHeidgartenschule beteiligt sich als einzige Schule Wolfsburgs am landesweiten M\u00e4dchenhandballtag<br \/>\nWN, 17. November 2012 | PDF-Download<\/li>\n<li><span style=\"text-decoration: underline;\"><strong><a href=\"https:\/\/www.grundschule-heidgarten.de\/public_html\/wp-content\/uploads\/Waschable-sucht-den-Sinn-des-Lebens-WN-26.-April-2012.pdf\">Waschable sucht den Sinn des Lebens <\/a><\/strong><\/span><br \/>\nTheater AG der Grundschule Heidgarten f\u00fchrte Musical auf &#8211; Den Eltern gefiel das frische Spiel der Kinder<br \/>\nWN, 26. April 2012| PDF-Download<\/li>\n<li><a href=\"https:\/\/www.grundschule-heidgarten.de\/public_html\/wp-content\/uploads\/rodowsky.jpg\"><span style=\"text-decoration: underline;\"><strong><span style=\"color: #0000ff; text-decoration: underline;\">Michael Rodowsky<\/span> leitet seit August 2012 Heidgartenschule\u00a0 <\/strong><\/span><\/a><br \/>\n<a href=\"https:\/\/www.grundschule-heidgarten.de\/public_html\/wp-content\/uploads\/rodowsky.jpg\"> WAZ, 20. Dezember 2012<\/a><\/li>\n<\/ul>\n","protected":false},"excerpt":{"rendered":"<p>Ausgew\u00e4hlte Pressemeldungen Judo: VfL-Ikone Glahn trainiert Heidgartensch\u00fcler, WAZ 15.10.2014 Kinder versch\u00f6nern ihre Schule, WN 1.10.2014 Sommerfest mit Feuerwehr und Trommeln, WN 31.7.2014 Heidgarten zeigt sich bei Inspektion als Mustersch\u00fcler Neue Lehrer f\u00fcrVorsfelde Fr\u00fchjahrsputz mit 121 Kindern Heidgartenschule zeigt sich vielseitig, viele G\u00e4ste am Tag der offenen T\u00fcr, WAZ 31.3.2014 Handballturnier <span class=\"ellipsis\">&hellip;<\/span> <span class=\"more-link-wrap\"><a href=\"https:\/\/www.grundschule-heidgarten.de\/public_html\/?page_id=127\" class=\"more-link\"><span>Read more &rarr;<\/span><\/a><\/span><\/p>\n","protected":false},"author":21,"featured_media":0,"parent":0,"menu_order":6,"comment_status":"closed","ping_status":"closed","template":"","meta":{"footnotes":""},"class_list":["post-127","page","type-page","status-publish","hentry"],"_links":{"self":[{"href":"https:\/\/www.grundschule-heidgarten.de\/public_html\/index.php?rest_route=\/wp\/v2\/pages\/127","targetHints":{"allow":["GET"]}}],"collection":[{"href":"https:\/\/www.grundschule-heidgarten.de\/public_html\/index.php?rest_route=\/wp\/v2\/pages"}],"about":[{"href":"https:\/\/www.grundschule-heidgarten.de\/public_html\/index.php?rest_route=\/wp\/v2\/types\/page"}],"author":[{"embeddable":true,"href":"https:\/\/www.grundschule-heidgarten.de\/public_html\/index.php?rest_route=\/wp\/v2\/users\/21"}],"replies":[{"embeddable":true,"href":"https:\/\/www.grundschule-heidgarten.de\/public_html\/index.php?rest_route=%2Fwp%2Fv2%2Fcomments&post=127"}],"version-history":[{"count":125,"href":"https:\/\/www.grundschule-heidgarten.de\/public_html\/index.php?rest_route=\/wp\/v2\/pages\/127\/revisions"}],"predecessor-version":[{"id":2012,"href":"https:\/\/www.grundschule-heidgarten.de\/public_html\/index.php?rest_route=\/wp\/v2\/pages\/127\/revisions\/2012"}],"wp:attachment":[{"href":"https:\/\/www.grundschule-heidgarten.de\/public_html\/index.php?rest_route=%2Fwp%2Fv2%2Fmedia&parent=127"}],"curies":[{"name":"wp","href":"https:\/\/api.w.org\/{rel}","templated":true}]}}