{"id":2,"date":"2012-11-14T12:41:15","date_gmt":"2012-11-14T12:41:15","guid":{"rendered":"http:\/\/www.grundschule-heidgarten.de\/public_html\/?page_id=2"},"modified":"2025-02-10T15:49:59","modified_gmt":"2025-02-10T13:49:59","slug":"beispiel-seite","status":"publish","type":"page","link":"https:\/\/www.grundschule-heidgarten.de\/public_html\/?page_id=2","title":{"rendered":"Unsere Schule"},"content":{"rendered":"<h3><span style=\"color: #0000ff;\"><strong>Herzlich Willkommen an der Grundschule Heidgarten-Vorsfelde<\/strong><\/span><\/h3>\n<p><img loading=\"lazy\" decoding=\"async\" class=\"alignleft wp-image-4285\" src=\"https:\/\/www.grundschule-heidgarten.de\/public_html\/wp-content\/uploads\/Bunte-H\u00e4nde.jpg\" alt=\"\" width=\"831\" height=\"251\" srcset=\"https:\/\/www.grundschule-heidgarten.de\/public_html\/wp-content\/uploads\/Bunte-H\u00e4nde.jpg 490w, https:\/\/www.grundschule-heidgarten.de\/public_html\/wp-content\/uploads\/Bunte-H\u00e4nde-300x91.jpg 300w\" sizes=\"auto, (max-width: 831px) 100vw, 831px\" \/><\/p>\n<p>&nbsp;<\/p>\n<p>&nbsp;<\/p>\n<p>&nbsp;<\/p>\n<p>&nbsp;<\/p>\n<p>&nbsp;<\/p>\n<p>&nbsp;<\/p>\n<p>&nbsp;<\/p>\n<p><span style=\"color: #0000ff;\"><strong>Die Offene Ganztagsgrundschule Heidgarten (OGGS) befindet sich im Nordwesten des zur Stadt Wolfsburg geh\u00f6renden Stadtteils Vorsfelde und ist Schulstandort f\u00fcr die Kinder aus den Wohngebieten Engelhop, Heidgarten und \u00bb\u00dcber dem Wechsel\u00ab.<\/strong><\/span><br \/>\n<a href=\"https:\/\/www.grundschule-heidgarten.de\/public_html\/wp-content\/uploads\/Unsere-Schule.jpg\"><img loading=\"lazy\" decoding=\"async\" class=\"alignnone wp-image-242\" src=\"https:\/\/www.grundschule-heidgarten.de\/public_html\/wp-content\/uploads\/Unsere-Schule.jpg\" alt=\"Unsere Schule\" width=\"859\" height=\"197\" srcset=\"https:\/\/www.grundschule-heidgarten.de\/public_html\/wp-content\/uploads\/Unsere-Schule.jpg 567w, https:\/\/www.grundschule-heidgarten.de\/public_html\/wp-content\/uploads\/Unsere-Schule-300x68.jpg 300w\" sizes=\"auto, (max-width: 859px) 100vw, 859px\" \/><\/a><br \/>\nZur Zeit besuchen 192 Sch\u00fclerinnen und Sch\u00fcler die Heidgartenschule, die<span style=\"color: #0000ff;\"> 2018<\/span> ihr <strong>50j\u00e4hriges<\/strong> <strong>Jubil\u00e4um<\/strong> gefeiert hat. Die durchschnittliche Klassenfrequenz in den neun Klassen\u00a0liegt bei ca. 20\u00a0 Sch\u00fclerinnen und Sch\u00fclern.<br \/>\nDie OGGS Heidgarten wird als <strong><span style=\"color: #0000ff;\">&#8222;Verl\u00e4ssliche Grundschule&#8220;<\/span> <\/strong>mit offenem Ganztagsangebot in Kooperation mit dem Abenteuerspielplatz Buntspecht\u00a0der Stadt Wolfsburg\u00a0gef\u00fchrt und bietet eine Betreuung von 08.00 bis 16.00 Uhr an.<\/p>\n<p>Die Grundschule Heidgarten ist eine\u00a0 verl\u00e4ssliche Grundschule (<span style=\"color: #0000ff;\">VGS<\/span>), die sehr gut zu Fu\u00df zu erreichen ist: Kurze Beine \u2013 kurze Wege!<br \/>\nDie Schule besteht aus 3 Schultrakten mit jeweils 2 bis 4 Klassenr\u00e4umen und angegliederten Gruppenr\u00e4umen. Die Schule verf\u00fcgt weiterhin \u00fcber zahlreiche Funktionsr\u00e4ume wie Werk, Kunst, Musik, PC-Raum und Sch\u00fclerb\u00fccherei.<br \/>\nDer Ganztagsbereich ist im Turmgeb\u00e4ude integriert und umfasst 3 ehemalige Klassenr\u00e4ume und die Schulmensa.<br \/>\nEine moderne Turnhalle, ein Sportplatz und ein gro\u00dfer Schulhof mit Spielger\u00e4ten umgeben von Gr\u00fcn- und Rasenfl\u00e4chen sowie einer Wasser-Matschanlage mit einem gro\u00dfen Gartenbereich erg\u00e4nzen das weitl\u00e4ufige Schulareal. Des weiteren wird das Au\u00dfengel\u00e4nde des Abenteuerspielplatzes Buntspecht als au\u00dferschulischer Lernort f\u00fcr die Sch\u00fcler genutzt.<br \/>\nDas Unterrichtsfach Englisch wird von Anfang an (ab Klasse 1) unterrichtet.<br \/>\nF\u00f6rdern und Fordern sind wichtige Bestandteile des t\u00e4glichen Lernens des Vor- und\u00a0 Ganztagsbereiches.<\/p>\n<p>Das gemeinsame Miteinander und Lernen von Sch\u00fclerInnen mit und ohne Beeintr\u00e4chtigungen ist uns wichtig.<br \/>\nUnterst\u00fctzung beim Lernen in der Schule erhalten die Sch\u00fclerInnen durch ihre Klassenlehrkr\u00e4fte, zwei p\u00e4dagogische Mitarbeiterinnen des Vormittags und den MitarbeiterInnen des Nachmittagsbereichs sowie einer F\u00f6rderschullehrkraft.<br \/>\nIm Hinblick auf erfolgreiches Lernen sehen wir es als unseren p\u00e4dagogischen Auftrag an, Freude am Lernen zu vermitteln, Leistungsbereitschaft zu wecken, das einzelne Kind in seinem Selbstbewusstsein zu st\u00e4rken und zu f\u00f6rdern. Es ist uns au\u00dferdem wichtig, dass die Sch\u00fclerInnen lernen, kooperativ und fair in der Gemeinschaft miteinander umzugehen.<\/p>\n<p><strong><span style=\"color: #0000ff;\">In vielen Bereichen hat sich die Zusammenarbeit mit folgenden Institutionen bew\u00e4hrt:<\/span><\/strong><\/p>\n<p>-Kooperation mit der Stadt Wolfsburg und dem Abenteuerspielplatz Buntspecht,<br \/>\n-Kooperationen mit der ev.-luth. Kindertagesst\u00e4tte St. Petrus Vorsfelde<br \/>\n-Weiterf\u00fchrende Schulen in Wolfsburg<br \/>\n-Zusammenarbeit mit der Polizei Wolfsburg<br \/>\n-Akutberatung des Jugendamtes Wolfsburg<br \/>\n-Kinderschutzbund<br \/>\n-Lotte-Lemke-Schule, Schule f\u00fcr soz.-emotionale Entwicklung<br \/>\n-NEST Naturerkundungsstation<br \/>\n-Stadtb\u00fccherei Wolfsburg\/Vorsfelde<br \/>\n-VfL-Wolfsburg: Schwimmen, Judo und Fu\u00dfball<br \/>\n-ZEUS \u2013 Zentrum f\u00fcr Entwicklungsdiagnostik und Sozialp\u00e4diatrie<br \/>\n-TV Jahn\/Basketball<br \/>\n-MTV Vorsfelde\/ Handball\/ Sport-Spiel-Spa\u00df<br \/>\n-WSV Wendschott\/ Tennis<br \/>\n-Badeland Wolfsburg<br \/>\n-Wasserpark Hehlingen<br \/>\n-Tierpark Essehof<br \/>\n-Klasse! Wir singen<br \/>\n-Fightaholics Vorsfelde<br \/>\n-Planetarium Wolfsburg<br \/>\n-Eispalast Wolfsburg<br \/>\n-Autostadt Wolfsburg<br \/>\n-Cinemaxx Wolfsburg<br \/>\n-Delfin Kinocenter Wolfsburg<br \/>\n-Fachhochschule &#8222;Ostfalia&#8220;<br \/>\n-Phaeno<br \/>\n-Feuerwehr Vorsfelde<br \/>\n-J\u00e4gerschaft Wolfsburg<br \/>\n-Bromer Landfrauen<\/p>\n<p><span style=\"color: #0000ff;\"><strong>Schulleben, Projekte und Veranstaltungen:<br \/>\n<\/strong><\/span><br \/>\nDas Engagement des Kollegiums, der Eltern und des F\u00f6rderkreises wird deutlich in zahlreichen Veranstaltungen und Aktivit\u00e4ten, die von der Grundschule Heidgarten durchgef\u00fchrt werden:<\/p>\n<p>-Teilnahme an sportlichen Wettbewerben und Turnieren<br \/>\n-Selbstbehauptungskurse \/ Gewaltpr\u00e4vention<br \/>\n-Autorenlesungen<br \/>\n-schulinterner Vorlesewettbewerb aller Klassen<br \/>\n-Spiel- und Sportaktivit\u00e4ten<br \/>\n-Ausfl\u00fcge und Klassenfahrten<\/p>\n<p><span style=\"color: #0000ff;\"><strong>Zusammensetzung des Heidgartenkollegiums:<\/strong><\/span><\/p>\n<p>Zum Kollegium der Schule geh\u00f6ren ein Schulleiter, neun Lehrerinnen, ein Lehrer, eine Referendarin, eine Ganztagskoordinatorin und drei Erzieherinnen. Die Betreuung im Rahmen der verl\u00e4sslichen Grundschule und des Vertretungsunterrichtes werden durch vier p\u00e4dagogische Kr\u00e4fte sichergestellt.<br \/>\nZum Team der Schule geh\u00f6ren au\u00dferdem ein Hausmeister und eine Verwaltungsangestellte.<\/p>\n<div id=\"attachment_1536\" style=\"width: 511px\" class=\"wp-caption alignnone\"><img loading=\"lazy\" decoding=\"async\" aria-describedby=\"caption-attachment-1536\" class=\" wp-image-1536\" src=\"https:\/\/www.grundschule-heidgarten.de\/public_html\/wp-content\/uploads\/rodowsky.jpg\" alt=\"Michael Rodowsky ist seit dem 1. August 2012 neuer Schulleiter der OGGS Heidgarten Vorsfelde (WAZ, 20.12.2012)\" width=\"501\" height=\"698\" srcset=\"https:\/\/www.grundschule-heidgarten.de\/public_html\/wp-content\/uploads\/rodowsky.jpg 600w, https:\/\/www.grundschule-heidgarten.de\/public_html\/wp-content\/uploads\/rodowsky-215x300.jpg 215w\" sizes=\"auto, (max-width: 501px) 100vw, 501px\" \/><p id=\"caption-attachment-1536\" class=\"wp-caption-text\"><img loading=\"lazy\" decoding=\"async\" class=\"alignleft size-full wp-image-4285\" src=\"https:\/\/www.grundschule-heidgarten.de\/public_html\/wp-content\/uploads\/Bunte-H\u00e4nde.jpg\" alt=\"\" width=\"490\" height=\"148\" srcset=\"https:\/\/www.grundschule-heidgarten.de\/public_html\/wp-content\/uploads\/Bunte-H\u00e4nde.jpg 490w, https:\/\/www.grundschule-heidgarten.de\/public_html\/wp-content\/uploads\/Bunte-H\u00e4nde-300x91.jpg 300w\" sizes=\"auto, (max-width: 490px) 100vw, 490px\" \/>Michael Rodowsky ist seit dem 1. August 2012 neuer Schulleiter der OGGS Heidgarten Vorsfelde<br \/>(WAZ, 20.12.2012)<\/p><\/div>\n","protected":false},"excerpt":{"rendered":"<p>Herzlich Willkommen an der Grundschule Heidgarten-Vorsfelde &nbsp; &nbsp; &nbsp; &nbsp; &nbsp; &nbsp; &nbsp; Die Offene Ganztagsgrundschule Heidgarten (OGGS) befindet sich im Nordwesten des zur Stadt Wolfsburg geh\u00f6renden Stadtteils Vorsfelde und ist Schulstandort f\u00fcr die Kinder aus den Wohngebieten Engelhop, Heidgarten und \u00bb\u00dcber dem Wechsel\u00ab. Zur Zeit besuchen 192 Sch\u00fclerinnen und <span class=\"ellipsis\">&hellip;<\/span> <span class=\"more-link-wrap\"><a href=\"https:\/\/www.grundschule-heidgarten.de\/public_html\/?page_id=2\" class=\"more-link\"><span>Read more &rarr;<\/span><\/a><\/span><\/p>\n","protected":false},"author":21,"featured_media":0,"parent":0,"menu_order":1,"comment_status":"closed","ping_status":"closed","template":"","meta":{"footnotes":""},"class_list":["post-2","page","type-page","status-publish","hentry"],"_links":{"self":[{"href":"https:\/\/www.grundschule-heidgarten.de\/public_html\/index.php?rest_route=\/wp\/v2\/pages\/2","targetHints":{"allow":["GET"]}}],"collection":[{"href":"https:\/\/www.grundschule-heidgarten.de\/public_html\/index.php?rest_route=\/wp\/v2\/pages"}],"about":[{"href":"https:\/\/www.grundschule-heidgarten.de\/public_html\/index.php?rest_route=\/wp\/v2\/types\/page"}],"author":[{"embeddable":true,"href":"https:\/\/www.grundschule-heidgarten.de\/public_html\/index.php?rest_route=\/wp\/v2\/users\/21"}],"replies":[{"embeddable":true,"href":"https:\/\/www.grundschule-heidgarten.de\/public_html\/index.php?rest_route=%2Fwp%2Fv2%2Fcomments&post=2"}],"version-history":[{"count":52,"href":"https:\/\/www.grundschule-heidgarten.de\/public_html\/index.php?rest_route=\/wp\/v2\/pages\/2\/revisions"}],"predecessor-version":[{"id":6660,"href":"https:\/\/www.grundschule-heidgarten.de\/public_html\/index.php?rest_route=\/wp\/v2\/pages\/2\/revisions\/6660"}],"wp:attachment":[{"href":"https:\/\/www.grundschule-heidgarten.de\/public_html\/index.php?rest_route=%2Fwp%2Fv2%2Fmedia&parent=2"}],"curies":[{"name":"wp","href":"https:\/\/api.w.org\/{rel}","templated":true}]}}