{"id":206,"date":"2012-12-17T18:59:28","date_gmt":"2012-12-17T16:59:28","guid":{"rendered":"http:\/\/www.grundschule-heidgarten.de\/public_html\/?page_id=206"},"modified":"2014-08-02T18:32:06","modified_gmt":"2014-08-02T16:32:06","slug":"schulchor","status":"publish","type":"page","link":"https:\/\/www.grundschule-heidgarten.de\/public_html\/?page_id=206","title":{"rendered":"Schulchor"},"content":{"rendered":"<p><strong><img loading=\"lazy\" decoding=\"async\" class=\"alignnone size-full wp-image-922\" alt=\"schulchor\" src=\"https:\/\/www.grundschule-heidgarten.de\/public_html\/wp-content\/uploads\/schulchor.jpg\" width=\"607\" height=\"252\" srcset=\"https:\/\/www.grundschule-heidgarten.de\/public_html\/wp-content\/uploads\/schulchor.jpg 607w, https:\/\/www.grundschule-heidgarten.de\/public_html\/wp-content\/uploads\/schulchor-300x124.jpg 300w\" sizes=\"auto, (max-width: 607px) 100vw, 607px\" \/><\/strong><\/p>\n<p><strong>Rechtzeitig zum 25-j\u00e4hrigen Jubil\u00e4um unseres Schulchores wurde unser Schulsong fertig, mit dem Refrain:<\/strong><\/p>\n<p style=\"padding-left: 60px;\">&#8222;Heidgartenschule, hier f\u00fchl\u2018 ich mich wohl&#8220;<\/p>\n<p>Unter diesem Motto treffen sich jede Woche zur Zeit ca. 40 musikbegeisterte Kinder in der Pausenhalle der OGGS Heidgarten, um gemeinsam eine Stunde zu singen und zu tanzen. In den Schulchor sind Kinder der Klassen 1 bis 4 eingeladen, die Teilnahme ist freiwillig.<\/p>\n<p>Wir freuen uns, dass wir mit diesem Musikangebot etwa ein Drittel der Sch\u00fclerschaft erreichen. Neben der Freude und dem Spa\u00df am Singen sollen die Kinder aber auch ihr K\u00f6nnen bei regelm\u00e4\u00dfigen Auftritten unter Beweis stellen. Dazu geh\u00f6ren die Mitwirkung bei Einschulungsfeiern, Schulfesten, dem Adventssingen und der Weihnachtsfeier. Besondere H\u00f6hepunkte waren immer Musicalauff\u00fchrungen und Singspiele, die bei Mitsch\u00fclern und Eltern gro\u00dfen Anklang fanden.<\/p>\n<p><em>(Der Schulchor macht im 2. Halbjahr 2014 eine &#8222;Atempause&#8220;, danach soll es mit vereinten Kr\u00e4ften wieder losgehen.)<\/em><\/p>\n<p><strong>\u00a0<\/strong><\/p>\n<p><strong>Auff\u00fchrungen der letzten Jahre:<\/strong><\/p>\n<p>Ritter Rost und das Gespenst (J\u00f6rg Hilbert und Felix Janosa)<br \/>\nDie Ente Kwack (H. van Veen)<br \/>\nWie der Maulwurf beinahe in der Lotterie gewann (Kurt Bracharz)<br \/>\nWaschable, oder der Teddy und die Tiere (Michael Ende)<br \/>\nTranquilla, die unerm\u00fcdliche Schildkr\u00f6te (Michael Ende)<br \/>\nFrederick (Leo Leonni)<br \/>\nZirkus Tarrap (Uli F\u00fchre)<br \/>\nBleib einfach anders (Bernhard Strassel)<br \/>\nWir wollen Freunde sein<br \/>\nDie Geschichte vom Eichh\u00f6rnchen, das nicht lesen konnte<\/p>\n<p>&nbsp;<\/p>\n<h2><strong>Wir wollen Freunde sein<\/strong><\/h2>\n<p><em>(Auff\u00fchrung am Rosenmontag 2014 und am 20.3.2014)<br \/>\n<\/em>Aufmarsch der Zebras<\/p>\n<p><img loading=\"lazy\" decoding=\"async\" class=\"alignnone size-full wp-image-1526\" alt=\"tuishi zebras\" src=\"https:\/\/www.grundschule-heidgarten.de\/public_html\/wp-content\/uploads\/tuishi-zebras.jpg\" width=\"600\" height=\"386\" srcset=\"https:\/\/www.grundschule-heidgarten.de\/public_html\/wp-content\/uploads\/tuishi-zebras.jpg 600w, https:\/\/www.grundschule-heidgarten.de\/public_html\/wp-content\/uploads\/tuishi-zebras-300x193.jpg 300w\" sizes=\"auto, (max-width: 600px) 100vw, 600px\" \/><br \/>\n<img loading=\"lazy\" decoding=\"async\" class=\"alignnone  wp-image-1451\" alt=\"giraffen zebras\" src=\"https:\/\/www.grundschule-heidgarten.de\/public_html\/wp-content\/uploads\/giraffen-zebras.jpg\" width=\"601\" height=\"240\" srcset=\"https:\/\/www.grundschule-heidgarten.de\/public_html\/wp-content\/uploads\/giraffen-zebras.jpg 709w, https:\/\/www.grundschule-heidgarten.de\/public_html\/wp-content\/uploads\/giraffen-zebras-300x119.jpg 300w\" sizes=\"auto, (max-width: 601px) 100vw, 601px\" \/><br \/>\n\u201cZebrastreifen, was gibt es sch\u00f6n\u2019res auf der Welt! \u201d<br \/>\nDie Giraffen sind da etwas anderer Meinung: \u201cPunkte sind cool, ja sie sind der Hit!\u201d<br \/>\nAber muss man deshalb gleich in Streit geraten?<br \/>\nIn der Rosenmontagsauff\u00fchrung am Montag, dem 3.3.2014 ging es hoch her , als Giraffen und Zebras zusammen mit dem Schulchor ihre packende Geschichte \u00fcber die Freundschaft erz\u00e4hlten.<\/p>\n<p><strong>Auff\u00fchrungen vergangener Jahre<\/strong><\/p>\n<div id=\"attachment_912\" style=\"width: 687px\" class=\"wp-caption alignnone\"><a href=\"https:\/\/www.grundschule-heidgarten.de\/public_html\/wp-content\/uploads\/theaterbilder-1.jpg\"><img loading=\"lazy\" decoding=\"async\" aria-describedby=\"caption-attachment-912\" class=\"size-full wp-image-912\" alt=\"Bilder zu den Musicalauff\u00fchrungen der letzten Jahre\" src=\"https:\/\/www.grundschule-heidgarten.de\/public_html\/wp-content\/uploads\/theaterbilder-1.jpg\" width=\"677\" height=\"634\" srcset=\"https:\/\/www.grundschule-heidgarten.de\/public_html\/wp-content\/uploads\/theaterbilder-1.jpg 677w, https:\/\/www.grundschule-heidgarten.de\/public_html\/wp-content\/uploads\/theaterbilder-1-300x280.jpg 300w\" sizes=\"auto, (max-width: 677px) 100vw, 677px\" \/><\/a><p id=\"caption-attachment-912\" class=\"wp-caption-text\">Bilder zu den Musicalauff\u00fchrungen der letzten Jahre<\/p><\/div>\n<p style=\"text-align: center;\"><img loading=\"lazy\" decoding=\"async\" class=\"size-full wp-image-1344 aligncenter\" alt=\"ente kwack\" src=\"https:\/\/www.grundschule-heidgarten.de\/public_html\/wp-content\/uploads\/ente-kwack.jpg\" width=\"600\" height=\"904\" srcset=\"https:\/\/www.grundschule-heidgarten.de\/public_html\/wp-content\/uploads\/ente-kwack.jpg 600w, https:\/\/www.grundschule-heidgarten.de\/public_html\/wp-content\/uploads\/ente-kwack-199x300.jpg 199w\" sizes=\"auto, (max-width: 600px) 100vw, 600px\" \/><\/p>\n<h1 style=\"text-align: center;\"><\/h1>\n<p>&nbsp;<\/p>\n<h1 style=\"text-align: center;\">Ritter Rost und das Gespenst<img loading=\"lazy\" decoding=\"async\" class=\"size-full wp-image-1347 aligncenter\" alt=\"ritter rost\" src=\"https:\/\/www.grundschule-heidgarten.de\/public_html\/wp-content\/uploads\/ritter-rost.jpg\" width=\"600\" height=\"269\" srcset=\"https:\/\/www.grundschule-heidgarten.de\/public_html\/wp-content\/uploads\/ritter-rost.jpg 600w, https:\/\/www.grundschule-heidgarten.de\/public_html\/wp-content\/uploads\/ritter-rost-300x134.jpg 300w\" sizes=\"auto, (max-width: 600px) 100vw, 600px\" \/><\/h1>\n<h2 style=\"text-align: center;\"><\/h2>\n<p>&nbsp;<\/p>\n<h1 style=\"text-align: center;\">Peterchens Mondfahrt<\/h1>\n<p><img loading=\"lazy\" decoding=\"async\" class=\"size-full wp-image-1349 aligncenter\" alt=\"peterchens mondfahrt\" src=\"https:\/\/www.grundschule-heidgarten.de\/public_html\/wp-content\/uploads\/peterchens-mondfahrt.jpg\" width=\"600\" height=\"900\" srcset=\"https:\/\/www.grundschule-heidgarten.de\/public_html\/wp-content\/uploads\/peterchens-mondfahrt.jpg 600w, https:\/\/www.grundschule-heidgarten.de\/public_html\/wp-content\/uploads\/peterchens-mondfahrt-200x300.jpg 200w\" sizes=\"auto, (max-width: 600px) 100vw, 600px\" \/><\/p>\n<p><img loading=\"lazy\" decoding=\"async\" class=\"alignnone size-full wp-image-1907\" alt=\"peterchens mondfahrt 2\" src=\"https:\/\/www.grundschule-heidgarten.de\/public_html\/wp-content\/uploads\/peterchens-mondfahrt-2.jpg\" width=\"600\" height=\"390\" srcset=\"https:\/\/www.grundschule-heidgarten.de\/public_html\/wp-content\/uploads\/peterchens-mondfahrt-2.jpg 850w, https:\/\/www.grundschule-heidgarten.de\/public_html\/wp-content\/uploads\/peterchens-mondfahrt-2-300x195.jpg 300w\" sizes=\"auto, (max-width: 600px) 100vw, 600px\" \/><\/p>\n<h1 style=\"text-align: center;\">Tranquilla Trampeltreu<\/h1>\n<p><img loading=\"lazy\" decoding=\"async\" class=\"alignnone size-full wp-image-1356\" alt=\"tranquilla\" src=\"https:\/\/www.grundschule-heidgarten.de\/public_html\/wp-content\/uploads\/tranquilla.jpg\" width=\"800\" height=\"383\" srcset=\"https:\/\/www.grundschule-heidgarten.de\/public_html\/wp-content\/uploads\/tranquilla.jpg 800w, https:\/\/www.grundschule-heidgarten.de\/public_html\/wp-content\/uploads\/tranquilla-300x143.jpg 300w\" sizes=\"auto, (max-width: 800px) 100vw, 800px\" \/><\/p>\n","protected":false},"excerpt":{"rendered":"<p>Rechtzeitig zum 25-j\u00e4hrigen Jubil\u00e4um unseres Schulchores wurde unser Schulsong fertig, mit dem Refrain: &#8222;Heidgartenschule, hier f\u00fchl\u2018 ich mich wohl&#8220; Unter diesem Motto treffen sich jede Woche zur Zeit ca. 40 musikbegeisterte Kinder in der Pausenhalle der OGGS Heidgarten, um gemeinsam eine Stunde zu singen und zu tanzen. In den Schulchor <span class=\"ellipsis\">&hellip;<\/span> <span class=\"more-link-wrap\"><a href=\"https:\/\/www.grundschule-heidgarten.de\/public_html\/?page_id=206\" class=\"more-link\"><span>Read more &rarr;<\/span><\/a><\/span><\/p>\n","protected":false},"author":21,"featured_media":0,"parent":123,"menu_order":3,"comment_status":"closed","ping_status":"closed","template":"","meta":{"footnotes":""},"class_list":["post-206","page","type-page","status-publish","hentry"],"_links":{"self":[{"href":"https:\/\/www.grundschule-heidgarten.de\/public_html\/index.php?rest_route=\/wp\/v2\/pages\/206","targetHints":{"allow":["GET"]}}],"collection":[{"href":"https:\/\/www.grundschule-heidgarten.de\/public_html\/index.php?rest_route=\/wp\/v2\/pages"}],"about":[{"href":"https:\/\/www.grundschule-heidgarten.de\/public_html\/index.php?rest_route=\/wp\/v2\/types\/page"}],"author":[{"embeddable":true,"href":"https:\/\/www.grundschule-heidgarten.de\/public_html\/index.php?rest_route=\/wp\/v2\/users\/21"}],"replies":[{"embeddable":true,"href":"https:\/\/www.grundschule-heidgarten.de\/public_html\/index.php?rest_route=%2Fwp%2Fv2%2Fcomments&post=206"}],"version-history":[{"count":38,"href":"https:\/\/www.grundschule-heidgarten.de\/public_html\/index.php?rest_route=\/wp\/v2\/pages\/206\/revisions"}],"predecessor-version":[{"id":1909,"href":"https:\/\/www.grundschule-heidgarten.de\/public_html\/index.php?rest_route=\/wp\/v2\/pages\/206\/revisions\/1909"}],"up":[{"embeddable":true,"href":"https:\/\/www.grundschule-heidgarten.de\/public_html\/index.php?rest_route=\/wp\/v2\/pages\/123"}],"wp:attachment":[{"href":"https:\/\/www.grundschule-heidgarten.de\/public_html\/index.php?rest_route=%2Fwp%2Fv2%2Fmedia&parent=206"}],"curies":[{"name":"wp","href":"https:\/\/api.w.org\/{rel}","templated":true}]}}

<p><strong><img loading="lazy" decoding="async" class="alignnone size-full wp-image-922" alt="schulchor" src="https://www.grundschule-heidgarten.de/public_html/wp-content/uploads/schulchor.jpg" width="607" height="252" srcset="https://www.grundschule-heidgarten.de/public_html/wp-content/uploads/schulchor.jpg 607w, https://www.grundschule-heidgarten.de/public_html/wp-content/uploads/schulchor-300x124.jpg 300w" sizes="auto, (max-width: 607px) 100vw, 607px" /></strong></p>
<p><strong>Rechtzeitig zum 25-jährigen Jubiläum unseres Schulchores wurde unser Schulsong fertig, mit dem Refrain:</strong></p>
<p style="padding-left: 60px;">&#8222;Heidgartenschule, hier fühl‘ ich mich wohl&#8220;</p>
<p>Unter diesem Motto treffen sich jede Woche zur Zeit ca. 40 musikbegeisterte Kinder in der Pausenhalle der OGGS Heidgarten, um gemeinsam eine Stunde zu singen und zu tanzen. In den Schulchor sind Kinder der Klassen 1 bis 4 eingeladen, die Teilnahme ist freiwillig.</p>
<p>Wir freuen uns, dass wir mit diesem Musikangebot etwa ein Drittel der Schülerschaft erreichen. Neben der Freude und dem Spaß am Singen sollen die Kinder aber auch ihr Können bei regelmäßigen Auftritten unter Beweis stellen. Dazu gehören die Mitwirkung bei Einschulungsfeiern, Schulfesten, dem Adventssingen und der Weihnachtsfeier. Besondere Höhepunkte waren immer Musicalaufführungen und Singspiele, die bei Mitschülern und Eltern großen Anklang fanden.</p>
<p><em>(Der Schulchor macht im 2. Halbjahr 2014 eine &#8222;Atempause&#8220;, danach soll es mit vereinten Kräften wieder losgehen.)</em></p>
<p><strong> </strong></p>
<p><strong>Aufführungen der letzten Jahre:</strong></p>
<p>Ritter Rost und das Gespenst (Jörg Hilbert und Felix Janosa)<br />
Die Ente Kwack (H. van Veen)<br />
Wie der Maulwurf beinahe in der Lotterie gewann (Kurt Bracharz)<br />
Waschable, oder der Teddy und die Tiere (Michael Ende)<br />
Tranquilla, die unermüdliche Schildkröte (Michael Ende)<br />
Frederick (Leo Leonni)<br />
Zirkus Tarrap (Uli Führe)<br />
Bleib einfach anders (Bernhard Strassel)<br />
Wir wollen Freunde sein<br />
Die Geschichte vom Eichhörnchen, das nicht lesen konnte</p>
<p>&nbsp;</p>
<h2><strong>Wir wollen Freunde sein</strong></h2>
<p><em>(Aufführung am Rosenmontag 2014 und am 20.3.2014)<br />
</em>Aufmarsch der Zebras</p>
<p><img loading="lazy" decoding="async" class="alignnone size-full wp-image-1526" alt="tuishi zebras" src="https://www.grundschule-heidgarten.de/public_html/wp-content/uploads/tuishi-zebras.jpg" width="600" height="386" srcset="https://www.grundschule-heidgarten.de/public_html/wp-content/uploads/tuishi-zebras.jpg 600w, https://www.grundschule-heidgarten.de/public_html/wp-content/uploads/tuishi-zebras-300x193.jpg 300w" sizes="auto, (max-width: 600px) 100vw, 600px" /><br />
<img loading="lazy" decoding="async" class="alignnone  wp-image-1451" alt="giraffen zebras" src="https://www.grundschule-heidgarten.de/public_html/wp-content/uploads/giraffen-zebras.jpg" width="601" height="240" srcset="https://www.grundschule-heidgarten.de/public_html/wp-content/uploads/giraffen-zebras.jpg 709w, https://www.grundschule-heidgarten.de/public_html/wp-content/uploads/giraffen-zebras-300x119.jpg 300w" sizes="auto, (max-width: 601px) 100vw, 601px" /><br />
“Zebrastreifen, was gibt es schön’res auf der Welt! ”<br />
Die Giraffen sind da etwas anderer Meinung: “Punkte sind cool, ja sie sind der Hit!”<br />
Aber muss man deshalb gleich in Streit geraten?<br />
In der Rosenmontagsaufführung am Montag, dem 3.3.2014 ging es hoch her , als Giraffen und Zebras zusammen mit dem Schulchor ihre packende Geschichte über die Freundschaft erzählten.</p>
<p><strong>Aufführungen vergangener Jahre</strong></p>
<div id="attachment_912" style="width: 687px" class="wp-caption alignnone"><a href="https://www.grundschule-heidgarten.de/public_html/wp-content/uploads/theaterbilder-1.jpg"><img loading="lazy" decoding="async" aria-describedby="caption-attachment-912" class="size-full wp-image-912" alt="Bilder zu den Musicalaufführungen der letzten Jahre" src="https://www.grundschule-heidgarten.de/public_html/wp-content/uploads/theaterbilder-1.jpg" width="677" height="634" srcset="https://www.grundschule-heidgarten.de/public_html/wp-content/uploads/theaterbilder-1.jpg 677w, https://www.grundschule-heidgarten.de/public_html/wp-content/uploads/theaterbilder-1-300x280.jpg 300w" sizes="auto, (max-width: 677px) 100vw, 677px" /></a><p id="caption-attachment-912" class="wp-caption-text">Bilder zu den Musicalaufführungen der letzten Jahre</p></div>
<p style="text-align: center;"><img loading="lazy" decoding="async" class="size-full wp-image-1344 aligncenter" alt="ente kwack" src="https://www.grundschule-heidgarten.de/public_html/wp-content/uploads/ente-kwack.jpg" width="600" height="904" srcset="https://www.grundschule-heidgarten.de/public_html/wp-content/uploads/ente-kwack.jpg 600w, https://www.grundschule-heidgarten.de/public_html/wp-content/uploads/ente-kwack-199x300.jpg 199w" sizes="auto, (max-width: 600px) 100vw, 600px" /></p>
<h1 style="text-align: center;"></h1>
<p>&nbsp;</p>
<h1 style="text-align: center;">Ritter Rost und das Gespenst<img loading="lazy" decoding="async" class="size-full wp-image-1347 aligncenter" alt="ritter rost" src="https://www.grundschule-heidgarten.de/public_html/wp-content/uploads/ritter-rost.jpg" width="600" height="269" srcset="https://www.grundschule-heidgarten.de/public_html/wp-content/uploads/ritter-rost.jpg 600w, https://www.grundschule-heidgarten.de/public_html/wp-content/uploads/ritter-rost-300x134.jpg 300w" sizes="auto, (max-width: 600px) 100vw, 600px" /></h1>
<h2 style="text-align: center;"></h2>
<p>&nbsp;</p>
<h1 style="text-align: center;">Peterchens Mondfahrt</h1>
<p><img loading="lazy" decoding="async" class="size-full wp-image-1349 aligncenter" alt="peterchens mondfahrt" src="https://www.grundschule-heidgarten.de/public_html/wp-content/uploads/peterchens-mondfahrt.jpg" width="600" height="900" srcset="https://www.grundschule-heidgarten.de/public_html/wp-content/uploads/peterchens-mondfahrt.jpg 600w, https://www.grundschule-heidgarten.de/public_html/wp-content/uploads/peterchens-mondfahrt-200x300.jpg 200w" sizes="auto, (max-width: 600px) 100vw, 600px" /></p>
<p><img loading="lazy" decoding="async" class="alignnone size-full wp-image-1907" alt="peterchens mondfahrt 2" src="https://www.grundschule-heidgarten.de/public_html/wp-content/uploads/peterchens-mondfahrt-2.jpg" width="600" height="390" srcset="https://www.grundschule-heidgarten.de/public_html/wp-content/uploads/peterchens-mondfahrt-2.jpg 850w, https://www.grundschule-heidgarten.de/public_html/wp-content/uploads/peterchens-mondfahrt-2-300x195.jpg 300w" sizes="auto, (max-width: 600px) 100vw, 600px" /></p>
<h1 style="text-align: center;">Tranquilla Trampeltreu</h1>
<p><img loading="lazy" decoding="async" class="alignnone size-full wp-image-1356" alt="tranquilla" src="https://www.grundschule-heidgarten.de/public_html/wp-content/uploads/tranquilla.jpg" width="800" height="383" srcset="https://www.grundschule-heidgarten.de/public_html/wp-content/uploads/tranquilla.jpg 800w, https://www.grundschule-heidgarten.de/public_html/wp-content/uploads/tranquilla-300x143.jpg 300w" sizes="auto, (max-width: 800px) 100vw, 800px" /></p>

<p>Rechtzeitig zum 25-jährigen Jubiläum unseres Schulchores wurde unser Schulsong fertig, mit dem Refrain: &#8222;Heidgartenschule, hier fühl‘ ich mich wohl&#8220; Unter diesem Motto treffen sich jede Woche zur Zeit ca. 40 musikbegeisterte Kinder in der Pausenhalle der OGGS Heidgarten, um gemeinsam eine Stunde zu singen und zu tanzen. In den Schulchor <span class="ellipsis">&hellip;</span> <span class="more-link-wrap"><a href="https://www.grundschule-heidgarten.de/public_html/?page_id=206" class="more-link"><span>Read more &rarr;</span></a></span></p>
