{"id":6830,"date":"2026-04-20T20:06:52","date_gmt":"2026-04-20T18:06:52","guid":{"rendered":"https:\/\/www.grundschule-heidgarten.de\/public_html\/?page_id=6830"},"modified":"2026-04-20T20:28:31","modified_gmt":"2026-04-20T18:28:31","slug":"schulanmeldung-2027-28","status":"publish","type":"page","link":"https:\/\/www.grundschule-heidgarten.de\/public_html\/?page_id=6830","title":{"rendered":"Schulanmeldung 2027\/28"},"content":{"rendered":"\n<p><br>Folgende Unterlagen ben\u00f6tigen wir von Ihnen zus\u00e4tzlich:<\/p>\n\n\n\n<p>&#8211; Kopie der Geburtsurkunde des Kindes<\/p>\n\n\n\n<p>&#8211; Best\u00e4tigung des zweifachen Masernimpfschutzes (z.B. Impfpass oder \u00e4rztliche Bescheinigung)<\/p>\n\n\n\n<p>&#8211; Personalausweise der Sorgeberechtigten (zur Kontrolle)<\/p>\n\n\n\n<p>&#8211; Bei alleinigem Sorgerecht einen Sorgerechtsnachweis<\/p>\n\n\n\n<ul class=\"wp-block-list\">\n<li><a href=\"https:\/\/www.grundschule-heidgarten.de\/public_html\/wp-content\/uploads\/1.Schulanmeldung.pdf\" target=\"_blank\" rel=\"noreferrer noopener\">Schulanmeldung<\/a><\/li>\n\n\n\n<li><a href=\"https:\/\/www.grundschule-heidgarten.de\/public_html\/wp-content\/uploads\/2.Anlage-zur-Schulanmeldung.pdf\" target=\"_blank\" rel=\"noreferrer noopener\">Anlage zur Schulanmeldung<\/a><\/li>\n\n\n\n<li><a href=\"https:\/\/www.grundschule-heidgarten.de\/public_html\/wp-content\/uploads\/3.Randstundenbetreuung-12-13-Uhr.pdf\" target=\"_blank\" rel=\"noreferrer noopener\">Randstundenbetreuung<\/a><\/li>\n\n\n\n<li><a href=\"https:\/\/www.grundschule-heidgarten.de\/public_html\/wp-content\/uploads\/4.Anmeldung-Ganztag.pdf\" target=\"_blank\" rel=\"noreferrer noopener\">Anmeldung Ganztag<\/a><\/li>\n\n\n\n<li><a href=\"https:\/\/www.grundschule-heidgarten.de\/public_html\/wp-content\/uploads\/5.Anmeldung-Schulverpflegung.pdf\" target=\"_blank\" rel=\"noreferrer noopener\">Anmeldung Schulverpflegung<\/a><\/li>\n\n\n\n<li><a href=\"https:\/\/www.grundschule-heidgarten.de\/public_html\/wp-content\/uploads\/6.Absentismus.pdf\" target=\"_blank\" rel=\"noreferrer noopener\">Absentismus<\/a><\/li>\n\n\n\n<li><a href=\"https:\/\/www.grundschule-heidgarten.de\/public_html\/wp-content\/uploads\/7.Einwilligungserklaerung-Fotos.pdf\" target=\"_blank\" rel=\"noreferrer noopener\">Einwilligungserkl\u00e4rung Fotos<\/a><\/li>\n\n\n\n<li><a href=\"https:\/\/www.grundschule-heidgarten.de\/public_html\/wp-content\/uploads\/9.Belehrung-Infektionsschutz.pdf\" target=\"_blank\" rel=\"noreferrer noopener\">Belehrung Infektionsschutz<\/a><\/li>\n\n\n\n<li><a href=\"https:\/\/www.grundschule-heidgarten.de\/public_html\/wp-content\/uploads\/10.Informationspflicht.pdf\" target=\"_blank\" rel=\"noreferrer noopener\">Informationspflicht<\/a><\/li>\n\n\n\n<li><a href=\"https:\/\/www.grundschule-heidgarten.de\/public_html\/wp-content\/uploads\/11.Merkblatt-Waffen.pdf\" target=\"_blank\" rel=\"noreferrer noopener\">Merkblatt &#8211; Waffen<\/a><\/li>\n\n\n\n<li><a href=\"https:\/\/www.grundschule-heidgarten.de\/public_html\/wp-content\/uploads\/12.Schulordnung.pdf\" target=\"_blank\" rel=\"noreferrer noopener\">Schulordnung<\/a><\/li>\n\n\n\n<li><a href=\"https:\/\/www.grundschule-heidgarten.de\/public_html\/wp-content\/uploads\/8.Merkblatt-Schulunfall-Erkrankung-Ruecklaufzettel-Kra-nkentransport.pdf\" target=\"_blank\" rel=\"noreferrer noopener\">Merkblatt Schulunfall Erkrankung R\u00fccklaufzettel Krankentransport<\/a><\/li>\n<\/ul>\n","protected":false},"excerpt":{"rendered":"<p>Folgende Unterlagen ben\u00f6tigen wir von Ihnen zus\u00e4tzlich: &#8211; Kopie der Geburtsurkunde des Kindes &#8211; Best\u00e4tigung des zweifachen Masernimpfschutzes (z.B. Impfpass oder \u00e4rztliche Bescheinigung) &#8211; Personalausweise der Sorgeberechtigten (zur Kontrolle) &#8211; Bei alleinigem Sorgerecht einen Sorgerechtsnachweis<\/p>\n","protected":false},"author":3,"featured_media":0,"parent":0,"menu_order":0,"comment_status":"closed","ping_status":"closed","template":"","meta":{"footnotes":""},"class_list":["post-6830","page","type-page","status-publish","hentry"],"_links":{"self":[{"href":"https:\/\/www.grundschule-heidgarten.de\/public_html\/index.php?rest_route=\/wp\/v2\/pages\/6830","targetHints":{"allow":["GET"]}}],"collection":[{"href":"https:\/\/www.grundschule-heidgarten.de\/public_html\/index.php?rest_route=\/wp\/v2\/pages"}],"about":[{"href":"https:\/\/www.grundschule-heidgarten.de\/public_html\/index.php?rest_route=\/wp\/v2\/types\/page"}],"author":[{"embeddable":true,"href":"https:\/\/www.grundschule-heidgarten.de\/public_html\/index.php?rest_route=\/wp\/v2\/users\/3"}],"replies":[{"embeddable":true,"href":"https:\/\/www.grundschule-heidgarten.de\/public_html\/index.php?rest_route=%2Fwp%2Fv2%2Fcomments&post=6830"}],"version-history":[{"count":3,"href":"https:\/\/www.grundschule-heidgarten.de\/public_html\/index.php?rest_route=\/wp\/v2\/pages\/6830\/revisions"}],"predecessor-version":[{"id":6878,"href":"https:\/\/www.grundschule-heidgarten.de\/public_html\/index.php?rest_route=\/wp\/v2\/pages\/6830\/revisions\/6878"}],"wp:attachment":[{"href":"https:\/\/www.grundschule-heidgarten.de\/public_html\/index.php?rest_route=%2Fwp%2Fv2%2Fmedia&parent=6830"}],"curies":[{"name":"wp","href":"https:\/\/api.w.org\/{rel}","templated":true}]}}